r when 19513 is divided by 68?
65
Calculate the remainder when 19750 is divided by 20.
10
Calculate the remainder when 3245 is divided by 17.
15
What is the remainder when 7700 is divided by 7686?
14
Calculate the remainder when 27601 is divided by 9.
7
Calculate the remainder when 2540 is divided by 614.
84
What is the remainder when 30555 is divided by 6109?
10
What is the remainder when 19313 is divided by 19304?
9
What is the remainder when 11520 is divided by 1056?
960
What is the remainder when 440 is divided by 63?
62
What is the remainder when 41028 is divided by 4558?
6
What is the remainder when 2232 is divided by 250?
232
What is the remainder when 306929 is divided by 1734?
11
What is the remainder when 141054 is divided by 23?
18
Calculate the remainder when 503021 is divided by 71.
57
What is the remainder when 3749 is divided by 503?
228
Calculate the remainder when 70279 is divided by 35068.
143
Calculate the remainder when 2944483 is divided by 85.
83
Calculate the remainder when 1363 is divided by 269.
18
What is the remainder when 177160 is divided by 2084?
20
What is the remainder when 103284 is divided by 11474?
18
Calculate the remainder when 163290 is divided by 846.
12
What is the remainder when 4556 is divided by 30?
26
What is the remainder when 2256962 is divided by 293?
276
What is the remainder when 206 is divided by 75?
56
Calculate the remainder when 452 is divided by 61.
25
Calculate the remainder when 8123 is divided by 980.
283
What is the remainder when 132501 is divided by 26500?
1
What is the remainder when 2636876 is divided by 16?
12
What is the remainder when 12238 is divided by 72?
70
Calculate the remainder when 8240 is divided by 73.
64
What is the remainder when 42238 is divided by 16?
14
Calculate the remainder when 8249255 is divided by 1448.
1447
What is the remainder when 2337 is divided by 73?
1
Calculate the remainder when 245055 is divided by 32.
31
Calculate the remainder when 36274 is divided by 386.
376
What is the remainder when 1801 is divided by 37?
25
What is the remainder when 4805 is divided by 1474?
383
What is the remainder when 2731 is divided by 851?
178
What is the remainder when 113520 is divided by 113509?
11
Calculate the remainder when 15220 is divided by 15217.
3
Calculate the remainder when 2786 is divided by 552.
26
What is the remainder when 2376 is divided by 431?
221
What is the remainder when 4339 is divided by 1277?
508
Calculate the remainder when 226 is divided by 23.
19
What is the remainder when 48435 is divided by 598?
595
Calculate the remainder when 62054 is divided by 10.
4
Calculate the remainder when 1003 is divided by 387.
229
What is the remainder when 8789 is divided by 62?
47
Calculate the remainder when 21775 is divided by 7241.
52
What is the remainder when 65524 is divided by 9340?
144
What is the remainder when 563 is divided by 76?
31
Calculate the remainder when 3224 is divided by 1545.
134
Calculate the remainder when 494848 is divided by 24.
16
Calculate the remainder when 5013 is divided by 629.
610
Calculate the remainder when 12348 is divided by 1370.
18
Calculate the remainder when 41748 is divided by 167.
165
What is the remainder when 1643352 is divided by 44?
40
Calculate the remainder when 9734 is divided by 940.
334
What is the remainder when 30625 is divided by 9800?
1225
Calculate the remainder when 10387 is divided by 57.
13
Calculate the remainder when 2413 is divided by 2399.
14
What is the remainder when 3341 is divided by 1571?
199
Calculate the remainder when 1989 is divided by 993.
3
Calculate the remainder when 12455 is divided by 1033.
59
Calculate the remainder when 9216 is divided by 4411.
394
What is the remainder when 15443 is divided by 187?
109
What is the remainder when 8537 is divided by 100?
37
Calculate the remainder when 158787 is divided by 201.
198
What is the remainder when 6679 is divided by 2219?
22
Calculate the remainder when 4988 is divided by 314.
278
What is the remainder when 44985 is divided by 163?
160
What is the remainder when 949 is divided by 43?
3
What is the remainder when 1942 is divided by 751?
440
Calculate the remainder when 35785 is divided by 942.
931
What is the remainder when 4502 is divided by 63?
29
What is the remainder when 24939 is divided by 509?
507
Calculate the remainder when 11425 is divided by 5625.
175
Calculate the remainder when 3203 is divided by 910.
473
Calculate the remainder when 12765 is divided by 44.
5
What is the remainder when 5991 is divided by 97?
74
Calculate the remainder when 3362 is divided by 670.
12
What is the remainder when 310610 is divided by 51767?
8
What is the remainder when 3396 is divided by 36?
12
What is the remainder when 2765963 is divided by 212?
211
What is the remainder when 678163 is divided by 339074?
15
Calculate the remainder when 15126 is divided by 7541.
44
Calculate the remainder when 4668 is divided by 924.
48
Calculate the remainder when 10956 is divided by 24.
12
What is the remainder when 3815 is divided by 944?
39
Calculate the remainder when 2185 is divided by 39.
1
What is the remainder when 2456 is divided by 52?
12
Calculate the remainder when 40822 is divided by 54.
52
Calculate the remainder when 42071 is divided by 13910.
341
What is the remainder when 4745 is divided by 4559?
186
What is the remainder when 30742 is divided by 202?
38
What is the remainder when 78572 is divided by 307?
287
Calculate the remainder when 26377 is divided by 150.
127
Calculate the remainder when 10893 is divided by 37.
15
Calculate the remainder when 56262 is divided by 7.
3
What is the remainder when 130355 is divided by 863?
42
Calculate the remainder when 1087482 is divided by 2124.
2118
What is the remainder when 89547 is divided by 116?
111
What is the remainder when 30858 is divided by 243?
240
Calculate the remainder when 474384 is divided by 139.
116
What is the remainder when 4448 is divided by 405?
398
Calculate the remainder when 1863990 is divided by 26.
24
What is the remainder when 6338358 is divided by 56?
54
Calculate the remainder when 11993 is divided by 458.
85
Calculate the remainder when 11104 is divided by 236.
12
Calculate the remainder when 163642 is divided by 64.
58
Calculate the remainder when 6612 is divided by 963.
834
Calculate the remainder when 714 is divided by 688.
26
What is the remainder when 10040 is divided by 2058?
1808
Calculate the remainder when 11879 is divided by 1315.
44
Calculate the remainder when 533843 is divided by 6.
5
Calculate the remainder when 777 is divided by 152.
17
Calculate the remainder when 36434 is divided by 101.
74
What is the remainder when 857253 is divided by 9?
3
What is the remainder when 1233548 is divided by 471?
470
What is the remainder when 19784 is divided by 47?
44
Calculate the remainder when 4777 is divided by 278.
51
What is the remainder when 76633 is divided by 146?
129
Calculate the remainder when 10011 is divided by 717.
690
What is the remainder when 5570 is divided by 2765?
40
What is the remainder when 200418 is divided by 255?
243
What is the remainder when 441354 is divided by 1177?
1156
Calculate the remainder when 447354 is divided by 114.
18
What is the remainder when 104 is divided by 14?
6
Calculate the remainder when 81594 is divided by 27178.
60
What is the remainder when 813 is divided by 720?
93
Calculate the remainder when 713020 is divided by 2417.
5
Calculate the remainder when 11261 is divided by 41.
27
What is the remainder when 36869 is divided by 80?
69
Calculate the remainder when 20365 is divided by 34.
33
Calculate the remainder when 56757 is divided by 14164.
101
Calculate the remainder when 84660 is divided by 409.
406
Calculate the remainder when 7826 is divided by 58.
54
What is the remainder when 277759 is divided by 138874?
11
What is the remainder when 47733 is divided by 459?
456
What is the remainder when 1892 is divided by 280?
212
What is the remainder when 2495 is divided by 602?
87
What is the remainder when 24560 is divided by 2446?
100
Calculate the remainder when 25312 is divided by 115.
12
Calculate the remainder when 4021521 is divided by 97.
95
What is the remainder when 6644 is divided by 2049?
497
What is the rem